Suppose 0*t = 3*t - 153. Suppose -t = -4*a + a. Calculate the greatest common factor of l and a.
17
Let y be -1 - (-3 - -5 - 18). Let o be (-838)/(-7) - (-4)/14. Calculate the highest common factor of y and o.
15
Suppose -4*n - 68 = 4*s - 456, 3*s - 87 = -n. What is the highest common factor of 17 and n?
17
Let j(v) = v**2 - v + 3. Let y be 2*(-2 + 11)/(-3). Let x be j(y). What is the greatest common factor of x and 5?
5
Let y = 11 - 12. Let m be y/((-4)/(-440)*-1). Calculate the greatest common divisor of 10 and m.
10
Suppose -4*d + 3*c = -61, -6*c + 3*c = d - 4. Let i = 20 - d. Calculate the highest common factor of i and 14.
7
Suppose 0 = -0*c - 2*c + 4. Suppose -4*s = -c*s - 22. What is the greatest common divisor of 77 and s?
11
Suppose 5*y - 316 = 184. Let x = y - 19. What is the greatest common factor of 9 and x?
9
Suppose -13 = 3*x - 3*o + 2, 3*x - o = -5. Suppose y - 2*y + 5 = x. Let z be 2*((-125)/(-2))/y. Calculate the highest common factor of z and 5.
5
Suppose -t - 105 = -6*t. Suppose -9*d + t = -6*d. What is the highest common divisor of 7 and d?
7
Let k(t) = 4*t + 16. Let q be k(7). Suppose 12 = -f + 2*f. Suppose a - 14 = -4*a - 2*w, -4*w = f. What is the highest common divisor of q and a?
4
Suppose -4*w = -5*x + 200, 3*w + 159 = 2*x + 2*x. Calculate the greatest common factor of 12 and x.
12
Let v be 10/(3/((-6)/(-4))). Suppose -6*k + 4*k + 2*o = -10, -v*o = 5*k - 65. What is the highest common factor of k and 1?
1
Suppose 4*g = 54 - 2. Calculate the highest common factor of 91 and g.
13
Let d = 33 - 26. What is the greatest common divisor of 28 and d?
7
Let s = -114 - -204. Calculate the greatest common divisor of 30 and s.
30
Suppose 3*d - 52 = 32. Calculate the greatest common divisor of d and 252.
28
Let b(r) be the second derivative of r**3 + r + 0 - 3*r**2 + 1/12*r**4. Let t be b(-8). What is the highest common factor of t and 40?
10
Suppose 6*o + d = 5*o + 27, -3*o - 4*d + 80 = 0. What is the highest common divisor of o and 35?
7
Let a = -180 - -263. Suppose 5*m + a = n, 0 = -2*n - 0*m + 5*m + 171. Calculate the greatest common factor of 8 and n.
8
Let d = 636 - 361. Calculate the highest common divisor of 25 and d.
25
Let v = 431 + -200. What is the greatest common factor of 21 and v?
21
Let s be ((-1)/2)/((-1)/12). Suppose 5*c - s = 3*x, 3*c - 7 - 1 = 4*x. Let w be 3 + (-302)/x - 1. What is the highest common factor of 17 and w?
17
Let d(k) = -k**3 - 6*k**2 - 6*k - 3. Let g be d(-5). Suppose -g*z + 4*z = 120. What is the highest common divisor of 10 and z?
10
Let g be -5 + 2 + (35 - 0). Let t(o) = -12*o**3 - 2*o**2 + 2*o - 1. Let w be t(1). Let p = g - w. What is the highest common divisor of 5 and p?
5
Let s(q) = -15*q**2 - 20*q - 16. Let n(i) = -8*i**2 - 10*i - 8. Let l(v) = 11*n(v) - 6*s(v). Let d be l(-6). Calculate the greatest common divisor of d and 50.
10
Let b be (15/(-6))/5*-4. Suppose 6 = o + b*o. Let v be ((-126)/(-3))/(o/2). What is the highest common divisor of v and 14?
14
Suppose -133*k + 134*k - 28 = 0. Suppose -o = -5*h - 61, -2*h + 54 = -0*o + o. Calculate the greatest common divisor of o and k.
28
Let m(b) = b - 1. Let c be m(3). Let d be 3/(75/40)*(-20)/(-2). Calculate the highest common divisor of d and c.
2
Let f(l) = -43*l + 3. Let z be f(-4). What is the highest common factor of z and 35?
35
Let j be 4/(-2) - -1 - -10. Suppose 0 = -5*h + d - 4, -h - 4*d = -j*d + 20. Suppose -4*s + 8 = -h. Calculate the highest common divisor of s and 16.
2
Suppose -4 = -0*v - v. Suppose -v*o + 83 = -5*m, -2 + 1 = -m. What is the highest common divisor of 11 and o?
11
Suppose -3*o + 108 = -48. Let a be 1296/26 - (-8)/o. Suppose -5*b - 25 = -125. What is the highest common divisor of b and a?
10
Let l be -2 + (0 - -84) + 1. Let i(w) = -2*w - 3. Let g be i(-6). Suppose -l - g = -c. Calculate the greatest common factor of 23 and c.
23
Suppose 8*k + 427 - 1939 = 0. Calculate the greatest common divisor of 21 and k.
21
Suppose 2*r - 524 - 348 = 0. Suppose 4*m - 12 - r = 0. Calculate the greatest common divisor of m and 14.
14
Suppose 21 = -4*m + 57. Let r = m - 5. Suppose -4*l - 2*q + 18 = 2, 4*q = -2*l + 8. Calculate the greatest common factor of r and l.
4
Let n(w) = 2*w**2 - 10*w + 8. Let d be n(6). What is the greatest common factor of d and 180?
20
Suppose -16 = -5*q + 4*o, 2*q + o + 4 = 4*q. Let p = q - -1. Let t be (-1)/p - 1 - -26. What is the highest common factor of 36 and t?
12
Let l be 0/2*3/(-6). Suppose -6*y + 2*y = l. Suppose 2*t - 119 - 79 = y. What is the greatest common factor of t and 9?
9
Let u be (-20 + -1)*(-3 + (-2 - 2)). What is the highest common divisor of u and 21?
21
Let w(s) = -22*s - 2. Let u be w(4). Let g = -60 - u. Calculate the highest common divisor of 6 and g.
6
Suppose 5*a + 5 = y - 6*y, -3*a = -5*y + 11. Let t be (-3)/(-6)*2/1. Calculate the greatest common divisor of t and y.
1
Suppose 4*s = -2*m + 152, 0 = 2*s - 2*m - 2*m - 96. Suppose 0 = 4*a - 2*k + 7*k - 60, 14 = a + k. What is the highest common factor of a and s?
10
Suppose -i = -4*j - 0*i + 210, 0 = 3*j - 3*i - 162. Suppose -4*g + j = 8. Let c = 254 - 232. What is the greatest common factor of g and c?
11
Let x be 50/(-3)*(-6)/2. What is the greatest common factor of 20 and x?
10
Suppose 5 = -3*t - 7. Let f = 5 - t. Calculate the highest common factor of f and 18.
9
Suppose -3 + 9 = 3*y. Let d be (1/(y/(-44)))/(-2). Let a be (2*-8)/((-4)/22). What is the greatest common factor of d and a?
11
Let v(b) = 208*b - 1. Let n be v(1). What is the greatest common divisor of 23 and n?
23
Let s be (7 - 0)*6/7. Let z(t) = 2*t**2 - 7*t - 38. Let g be z(8). Suppose 2*y = g - s. Calculate the greatest common factor of y and 21.
7
Let x(c) = 2*c**2 + 4*c + 1. Let d be x(-3). What is the greatest common divisor of 7 and d?
7
Suppose 4 = 4*v, 0 = -2*h - 2*h + v + 1615. Let r = h + -236. Calculate the highest common divisor of 24 and r.
24
Suppose -121 = 7*d - 8*d. Calculate the highest common factor of 11 and d.
11
Let l be (-1 + 6)*(-12)/(-20). Suppose -a - l*a = x - 25, 40 = x + a. What is the greatest common factor of x and 9?
9
Let h(f) = -2*f + 3. Let r be h(-3). Let a = r - -2. What is the greatest common factor of a and 121?
11
Let h(o) = 2*o**2 + o. Let r be h(-1). Let b(z) = -z**3 - 3*z**2 + 10*z + 7. Let p be b(-5). Calculate the highest common divisor of r and p.
1
Suppose -2 = 5*d - p, -3*d = -p + 5*p - 8. Suppose 4*w + v - 40 = d, 2*w - 2*v - 38 = 2*v. Calculate the highest common divisor of 33 and w.
11
Let r = -1 + 10. Calculate the highest common divisor of 9 and r.
9
Let b be 1/((-2)/232*-4). What is the greatest common factor of b and 232?
29
Let k be (-1 - 0) + 8*2. What is the greatest common factor of k and 60?
15
Let o be 1/6 + (-3497)/(-78). What is the highest common factor of 30 and o?
15
Let y be (14 - 1) + 2*-1. Suppose y - 35 = -3*i. Calculate the highest common divisor of 16 and i.
8
Let s = -6 - 16. Let o = -12 - s. Suppose -3*c - 3*a + 219 = 0, a + 216 = 3*c + 3*a. Calculate the greatest common factor of c and o.
10
Suppose l + 4*v = 11, -2*v = l - 8 + 1. What is the greatest common factor of l and 57?
3
Suppose 0 = 3*b - 0*b + 3*q - 30, 4*b - 56 = 4*q. What is the highest common divisor of 12 and b?
12
Let l = 175 + -87. Suppose 13 = 2*r - 9. What is the highest common divisor of r and l?
11
Suppose 1 = 3*a - 38. What is the greatest common divisor of 13 and a?
13
Let s(i) = -3*i**2 - 1. Let q be s(-1). Let x = 12 + q. What is the highest common divisor of 32 and x?
8
Let f = 55 + -19. What is the greatest common factor of f and 24?
12
Suppose 7 = -3*k + 19. Calculate the greatest common factor of 40 and k.
4
Suppose 0 = u - 3*u - 4. Let y be 2/(1 + u) - -26. Suppose -4*c - c + 4*n = -y, 5 = -5*n. Calculate the highest common divisor of c and 4.
4
Let v = -3 + 83. Calculate the greatest common factor of v and 20.
20
Suppose 0 = 2*q - 0*q + 50. Let l = q - -81. Calculate the highest common divisor of l and 7.
7
Let k(t) = 4*t**2 - 3*t - 3 - t - 3*t**2. Let i be k(7). Calculate the highest common factor of i and 27.
9
Let m = -175 + 415. What is the highest common divisor of m and 96?
48
Let m = 11 + -7. Suppose 7*l + 24 = m*x + 2*l, 17 = x - 4*l. Let a be x + (1 - 2 - -5). Calculate the greatest common 